247. What are the prime factors of m?
2, 3, 7
Suppose 177877 = 4*s + 3*o + 37398, -105354 = -3*s + 3*o. What are the prime factors of s?
7, 29, 173
Let m(f) = 10*f**3 - f**2 + 7*f + 83. What are the prime factors of m(13)?
3, 5, 293
Suppose 0 = -2*y + 6. Let x be (y*9/4)/(12/32). Suppose -c = c - x. List the prime factors of c.
3
Let g(t) = 13*t - 201. Let a(x) = 13*x - 200. Let y(z) = -4*a(z) + 5*g(z). List the prime factors of y(47).
2, 7, 29
Let x(o) = 40*o**2 + 319*o - 4. Let k be x(-8). Let z(u) = 2*u + 1. Let v be z(1). Suppose 30 = -n + 3*n + k*p, 0 = 5*n - v*p - 75. List the prime factors of n.
3, 5
Let g(d) = -53*d**3 + 2*d**2 + 5*d + 12. Let z = -262 + 260. List the prime factors of g(z).
2, 7, 31
Suppose -98*s - 41758 = -715606. List the prime factors of s.
2, 3, 191
Let i(u) = u**2 - u - 5. Let b be i(2). Let v be (2 + -5)*-1 + b + 27. Let w = 14 + v. What are the prime factors of w?
41
Suppose -12*x - 15725 = -5*z - 7*x, 4*z - 12553 = -5*x. What are the prime factors of z?
2, 1571
Let o(s) = s**3 + 3*s**2 + 3*s + 4. Suppose 23*t - 20*t + 6 = 0. Let m be o(t). Suppose -2*a + n + 164 = -15, -m*n = 10. What are the prime factors of a?
3, 29
Suppose 5*x + 0*x - 2*s = 16, 2*x = 5*s + 19. What are the prime factors of x/19 + 119476/323?
2, 5, 37
Let u(k) = 2*k**3 + 12*k**2 + 3*k + 30. Let r be u(-6). Let l(s) = 14*s**2 - 16*s + 4. List the prime factors of l(r).
2, 457
Let j(c) = -22*c + 62. What are the prime factors of j(-13)?
2, 3, 29
Let k(j) = -j**3 + 14*j**2 - 10*j + 25. Let b be 2 + -1 - ((3 - 5) + -7). Let i be k(b). List the prime factors of (-48)/(-7)*(i/10 - -6).
2, 3, 11
Suppose k = 11 - 7. Suppose -3*w + 9 = -x - k, -4*w - 5*x = -49. Suppose 3*v = w + 60. What are the prime factors of v?
2, 11
Let o(d) = d**2 + 24*d + 4954. What are the prime factors of o(-86)?
2, 37, 139
Let l(u) = 4*u**3 - 16*u**2 - u - 22. Suppose -936*c = -933*c - 18. What are the prime factors of l(c)?
2, 5, 13
Suppose -45*o + 32*o + 52 = 0. Suppose 352 = v - 2*p, 0*v + 2*p = o*v - 1438. List the prime factors of v.
2, 181
What are the prime factors of ((-7 - -9) + 340/(-70))/(8/(-2660))?
2, 5, 19
Let l = 2 - -5. Suppose -b = -f + l, 0 = 4*f - 9*f - 2*b. List the prime factors of -172*(9/f)/(-9).
2, 43
Suppose 7*y = 18*y + 44. Let h(c) = -311*c + 1. Let p be h(y). Suppose 5*r = p - 200. What are the prime factors of r?
11, 19
Let p(m) = -m**2 - 4*m + 8. Let x be p(-10). Let v = x - -59. Let j(n) = 17*n - 9. List the prime factors of j(v).
2, 5, 11
Let a(s) = -s**3 - 33*s**2 + 87*s - 186. What are the prime factors of a(-40)?
2, 3767
Suppose -4*w = 2*x - 46940, -w + 13963 = 3*x + 2238. List the prime factors of w.
11, 97
Let n(b) = b**3 + 26*b**2 - 26*b + 33. Let t be n(-27). Suppose 1 = -r - a, 4*r - 3*a - 5 = t*r. List the prime factors of 4/(((-2)/(-5))/r).
2, 5
Let u = -61642 + 121771. What are the prime factors of u?
3, 17, 131
Suppose 8*b - 10*b + 334 = 3*a, -5*a - 4*b = -556. Let p = 1 - 1. Suppose 3*f - 1 + 7 = p, -3*f - a = -i. What are the prime factors of i?
2, 53
Let n(w) = -w + 21. Let k(i) = 3*i**2 + i - 7. Let y be k(-3). Let u be n(y). Suppose 74 = u*t - 90. What are the prime factors of t?
41
What are the prime factors of 117666/(-9)*11/(-33)?
2, 2179
Suppose -4*b = -2*b - 1200. Suppose 4*o + 2*l = 316, 6*l + 10 = 11*l. Suppose -o*a + b = -74*a. List the prime factors of a.
2, 3, 5
Let p be (160/(-20))/((-1)/31*1). Suppose -4*m + 5*d = -p, 4*m + 2*d = -d + 248. What are the prime factors of m?
2, 31
Let i be (3 - (-44)/(-12))/((-1)/90). Let p = i + -50. Suppose p*s = 6*s + 420. List the prime factors of s.
3, 5, 7
Let x = 1052 - 1753. Let g = 762 + x. List the prime factors of g.
61
Suppose 1 = -2*v + b + 33, -5*v = 2*b - 80. Let w = 40 - v. Let y = 30 + w. What are the prime factors of y?
2, 3
Let u(a) = -32*a. Suppose y = -6*y - 21. Let d be u(y). Let q = d + -62. What are the prime factors of q?
2, 17
Suppose 10*o = 9*o + 5. Suppose -676 = -o*p + 899. List the prime factors of p.
3, 5, 7
List the prime factors of 12 - -68*(15 + 73).
2, 1499
Suppose 0 = -15*d + 4*d + 55. What are the prime factors of 4/(4/257) - (d - 2)?
2, 127
Let k = -9145 - -9518. What are the prime factors of k?
373
Suppose 5*n = 5*a - 10, 4*a + 5*n + 9 = 35. Suppose q = a*f + 353, 4*f + 410 = -5*q + 2247. What are the prime factors of q?
5, 73
Let b = 36871 - 18138. What are the prime factors of b?
11, 13, 131
Let u(s) = -s**2 + 20*s - 5. Let y be u(0). What are the prime factors of -4 - 20166/(-15) - 3/y?
3, 149
Let p(x) = 8*x**2 + 95*x + 2458. List the prime factors of p(-42).
2, 5, 17, 37
Let n be 6/(-9)*(5 - (-78)/(-12)). List the prime factors of 6/n*116*(-1)/(-8).
3, 29
Suppose -16*m + 73009 = -7497 + 12234. List the prime factors of m.
17, 251
Suppose -211 - 10 = -17*q. Suppose -q*z = -5*z - 2920. What are the prime factors of z?
5, 73
Suppose -10*c + 16*c = -29*c. Let o(i) = i - 4. Let t be o(7). Suppose c = 3*n + t - 15. List the prime factors of n.
2
Let x = 2468 + -1554. Suppose 5*d = -z + 3*z - x, 2306 = 5*z - 2*d. List the prime factors of z.
2, 3, 7, 11
Suppose -13*r + 111 = -19. Suppose r*t - 20 = 5*t. Suppose 3*m = 4*d + 689, -m = -0*m - t*d - 227. What are the prime factors of m?
3, 7, 11
Let r be (1 + -3 + -8)/(1 + -3). Suppose -7*m + 4*m - r*g + 99 = 0, 3*m - 102 = -4*g. List the prime factors of m.
2, 19
Let z = 32023 - 17014. What are the prime factors of z?
3, 5003
Suppose -3*y + 3*f = 6, 3*f - 6 = 4*y + 3. Let j(x) = -3*x - 13. Let n be j(y). What are the prime factors of (12/5)/(n/(-10))?
2, 3
Let i(y) = 4*y**2 - 7*y - 83. What are the prime factors of i(12)?
409
Let r = 46 - 39. Suppose -3*p - 5*s = -919, 0 = 3*p + 2*s - r*s - 899. Let l = -184 + p. What are the prime factors of l?
7, 17
Let j(a) = -36*a + 71. Let i(w) = -109*w + 216. Let h(l) = 6*i(l) - 17*j(l). List the prime factors of h(-16).
761
Let m be -30 - -6 - 8/4. Let v = 34 + m. List the prime factors of 17/(2/v + (-2)/16).
2, 17
Suppose 78*y + 477939 = -222131 + 4006568. What are the prime factors of y?
42391
Suppose -8*p + 4*p = -3*s + 607, -5*s - p + 1027 = 0. Suppose -4*t - 169 = -s. Let k = t + 13. What are the prime factors of k?
2, 11
Suppose -2*q - 14*q = -22864. Let u = -805 + q. What are the prime factors of u?
2, 3, 13
Suppose -3*p + 156193 = -5*m, 54*p - 49*p = 4*m + 260339. What are the prime factors of p?
3, 17, 1021
Let r = 7893 + -5798. List the prime factors of r.
5, 419
Let u = -670 + 6697. What are the prime factors of u?
3, 7, 41
List the prime factors of (-81795)/175*(-110)/6.
11, 19, 41
Suppose 0 = -4*n + 3*p + 9213 + 18731, 5*p - 13998 = -2*n. List the prime factors of n.
29, 241
Suppose 535278 = 89*v - 915155. What are the prime factors of v?
43, 379
Let m be 682/18 - 2/(-18). Let v = m - 38. Suppose -4*s - 12 = 0, 4*p - 65 = -s - v. What are the prime factors of p?
17
Suppose -5*i - 2*b + 46 = 0, -2*i - i + 30 = 2*b. Suppose 645 = -3*m + i*m. What are the prime factors of (m - 2)/((4 - 3)/1)?
127
Let t = 18 - 11. Suppose 0 = -i + t*i - 2652. What are the prime factors of i?
2, 13, 17
Let j(y) = 28*y + 12210. List the prime factors of j(-169).
2, 3739
Suppose 3*x - 3*s + 46 = 115, 0 = 5*x + 3*s - 123. Suppose 16*y - 14*y + x = 0. List the prime factors of (95/30 - 3) + (-982)/y.
2, 41
Let d(r) = -62*r**3 + 2*r**2 + r + 1. Let j be d(-5). Let t = -5195 + j. List the prime factors of t/54 - (-2)/(-12).
2, 3
Let k(z) = 888*z + 7533. What are the prime factors of k(37)?
3, 13463
Let n be (11 - (-374)/(-33)) + (-89)/3. List the prime factors of (20/25)/(-1) + (-6624)/n.
2, 5, 11
Let a(b) = b + 9. Let p be a(9). Suppose -6*g + 3*g = -12. Suppose g*o - 310 = -p. List the prime factors of o.
73
Let c(z) be the second derivative of -z**5/20 + 5*z**4/6 - z**3 - 5*z**2 + 36*z. Let q be 1*-9*38/(-57). List the prime factors of c(q).
2, 7
Suppose 8 - 3 = -z, 3*x = -4*z + 481. Let g = -73 + x. What are the prime factors of g?
2, 47
Suppose 44 = 5*i + 2*x, -3*i + 60 = -x + 38. List the prime factors of 3/2 - i/((-64)/10356).
2, 3
Suppose 2*a = 2, -462*x + 464*x + a - 13965 = 0. List the prime factors of x.
2, 3491
Let o(r) = 9*r - 32. Let d be o(4). Suppose -2*u = -0*y + 5*y + 24, 5*y + 12 = d*u. What are the prime factors of (3 - -108) + u + 1?
2, 5, 11
Let b = 